7
465001
What is -1577a5 (base 14) in base 11?
-472a60
Convert -51c2c4 (base 14) to base 16.
-2a2144
-1020120202222 (base 3) to base 8
-2413060
-151111315 (base 7) to base 5
-10031114000
What is 33436345 (base 7) in base 10?
2900245
Convert 13131606 (base 7) to base 14.
233a3d
What is -789191 (base 11) in base 10?
-1256685
-15221312 (base 6) to base 2
-10000001110011101100
-54222366 (base 7) to base 16
-469c98
Convert 111110000110100100101 (base 2) to base 12.
821799
What is -1121d (base 15) in base 9?
-82651
What is -ecc6 (base 15) in base 2?
-1100001111011000
326221 (base 13) to base 9
2204804
a8b07 (base 14) to base 2
1100011101011010011
What is -155933 (base 12) in base 8?
-1303767
15801 (base 15) to base 3
10112001201
What is -2042aa (base 11) in base 10?
-327788
Convert -10004442 (base 5) to base 10.
-78747
What is -3b3b12 (base 16) in base 5?
-1443203441
318890 (base 12) to base 16
befec
11111212 (base 9) to base 7
63510551
Convert -11060c1 (base 13) to base 8.
-23702461
What is 12054264 (base 7) in base 3?
2000111000010
-11100100101000010 (base 2) to base 3
-12221120111
What is -ecba26 (base 15) in base 14?
-16d818d
Convert -13a8c9b (base 13) to base 12.
-2112726
What is -6a4202 (base 12) in base 4?
-12200320202
-40402001 (base 5) to base 7
-2523153
-1120022212022 (base 3) to base 11
-519a57
44175 (base 15) to base 16
34d0f
Convert -41b79 (base 12) to base 11.
-5996a
Convert -42ba2a4 (base 13) to base 3.
-1102100201221011
17dbb8 (base 16) to base 11
978813
What is 41215230 (base 7) in base 14?
65b250
158ba3 (base 16) to base 15
1cd588
39146 (base 16) to base 2
111001000101000110
Convert 1a370 (base 14) to base 10.
66542
What is 3b57 (base 13) in base 2?
10000101001010
What is -b315 (base 12) in base 14?
-713b
1092 (base 16) to base 10
4242
-4204023 (base 8) to base 14
-210ab1
Convert a4d05d (base 14) to base 8.
25172253
Convert 67741 (base 12) to base 4.
201211201
-428821 (base 11) to base 10
-685125
What is aa6aa (base 13) in base 5?
34334414
What is 4523517 (base 9) in base 7?
26466124
What is 128fca (base 16) in base 12?
4a7b76
Convert -234030200 (base 6) to base 9.
-8230380
What is 1064520 (base 9) in base 13?
171441
Convert -2202221211201 (base 3) to base 6.
-51342244
What is 10c934c (base 14) in base 3?
120002020201110
What is -1d83d (base 14) in base 3?
-10211212010
Convert -101202203 (base 7) to base 14.
-b00403
Convert -31a994 (base 16) to base 2.
-1100011010100110010100
Convert 492108 (base 10) to base 14.
cb4a8
Convert -132200 (base 6) to base 9.
-17620
What is -15ae15 (base 16) in base 7?
-15035223
36531012 (base 7) to base 5
1314034423
Convert -232210013 (base 4) to base 13.
-68a74
Convert -4665363 (base 7) to base 3.
-1002212020120
What is 21172 (base 15) in base 13?
38a08
What is -bba71 (base 13) in base 8?
-1230230
What is 1736615 (base 9) in base 2?
11101100101001111101
Convert 54563 (base 13) to base 4.
211033013
Convert 1d2688 (base 14) to base 3.
1222001010021
-11b325a (base 15) to base 8
-60406737
Convert -181836 (base 9) to base 10.
-112947
Convert 79bb82 (base 13) to base 8.
12775270
2251324 (base 7) to base 6
10010521
11001101000101101 (base 2) to base 8
315055
What is 69893 (base 12) in base 16?
227af
Convert -12313332302 (base 4) to base 9.
-3346082
Convert 142271 (base 12) to base 2.
1010001111011110101
c4ebe (base 16) to base 10
806590
Convert -44970 (base 15) to base 14.
-596ca
2007503 (base 8) to base 15
a6780
Convert -17868 (base 15) to base 7.
-435002
-31011042 (base 6) to base 5
-211404002
Convert -742672 (base 11) to base 9.
-2212472
2301204 (base 5) to base 16
9f64
What is -5115352 (base 6) in base 8?
-733564
What is 256255 (base 8) in base 5?
10324021
-864218 (base 10) to base 8
-3227732
-1282a43 (base 14) to base 8
-42015723
40a3a78 (base 11) to base 2
11011100111000100110110
Convert 2123120 (base 7) to base 10.
257999
-1033140 (base 6) to base 4
-30200310
What is 3013433 (base 6) in base 11?
97821
Convert -214134224 (base 6) to base 8.
-16510710
Convert 101a2a (base 11) to base 3.
22022110011
-8a07c0 (base 13) to base 9
-6114144
-29185 (base 14) to base 2
-11000110111010001
Convert 1001010000010001010101 (base 2) to base 12.
98ba99
What is 4620530 (base 9) in base 5?
1114243422
-2803105 (base 10) to base 5
-1204144410
-11851486 (base 9) to base 6
-324431510
What is 1234301 (base 5) in base 15?
731b
Convert -111122010002 (base 3) to base 11.
-17368a
What is 301181 (base 11) in base 4?
1312111112
What is 100210011221 (base 3) in base 2?
101111000001001101
Convert -20222112 (base 3) to base 15.
-1795
Convert 111111001111011001 (base 2) to base 8.
771731
2652186 (base 10) to base 14
4d077c
140513143 (base 6) to base 2
1010110101011010110111
-4433470 (base 9) to base 10
-2384217
Convert -10111000101010110111100 (base 2) to base 7.
-102302105
-6128025 (base 11) to base 16
-a54226
What is 667539 (base 14) in base 11?
1a65917
81a738 (base 14) to base 5
2104313440
What is 24bc7 (base 14) in base 5?
10341024
Convert -2504834 (base 12) to base 3.
-111121000210011
What is -100010100110110110111 (base 2) in base 10?
-1134007
What is 8a500a (base 14) in base 3?
22211210211221
Convert -c533 (base 16) to base 13.
-19c94
-33430052 (base 6) to base 15
-150a35
1001302 (base 5) to base 13
7286
Convert -132151015 (base 6) to base 15.
-36d67e
Convert 101001111000010010 (base 2) to base 13.
60103
-1987375 (base 10) to base 3
-10201222011111
Convert -121311321310 (base 4) to base 8.
-31657164
What is -117720 (base 9) in base 7?
-414603
25720d (base 15) to base 3
10101020121011
8147328 (base 10) to base 2
11111000101000110000000
What is -312b7 (base 12) in base 11?
-443a2
What is -193ee (base 15) in base 3?
-11011100022
What is -136517 (base 9) in base 7?
-465343
What is -1001110001101010000 (base 2) in base 9?
-537368
-3311002320 (base 5) to base 6
-412415355
Convert -1000020121201 (base 3) to base 14.
-dd60a
1101222222010 (base 3) to base 6
24010350
-352450231 (base 6) to base 15
-89b7ca
What is 1132020200 (base 4) in base 7?
3164051
Convert 274220 (base 10) to base 6.
5513312
Convert 1149c5 (base 13) to base 8.
1441324
What is -1022120222211 (base 3) in base 9?
-1276884
Convert 230120020133 (base 4) to base 8.
54301037
Convert 8b94b6 (base 15) to base 5.
3201211241
Convert -11110011101110101110 (base 2) to base 11.
-622062
Convert 420434204 (base 5) to base 15.
243a39
What is 211440 (base 6) in base 15?
518c
-330111120 (base 4) to base 6
-5144040
What is -110001110110011111 (base 2) in base 12?
-9a1bb
What is -415154144 (base 6) in base 11?
-40aa749
What is -16776154 (base 8) in base 7?
-45262232
Convert 112112330 (base 4) to base 15.
1c205
-20cd4c (base 15) to base 5
-344442442
What is 74612a (base 13) in base 2?
1010011001101100011010
Convert 1842b4 (base 15) to base 13.
323545
Convert -96b6 (base 15) to base 9.
-47670
-13230022 (base 7) to base 8
-4511453
1524104 (base 6) to base 16
15bc8
1564327 (base 9) to base 6
30344124
Convert -26299 (base 15) to base 13.
-4375b
What is 47503b (base 15) in base 4?
31000032212
-521860 (base 9) to base 12
-12b346
-13003410 (base 5) to base 6
-2404532
385071 (base 11) to base 5
123411024
What is 509909 (base 14) in base 5?
1143344324
-2768606 (base 9) to base 14
-2b88c3
-1001001211021 (base 3) to base 10
-552454
What is 1615602 (base 7) in base 9?
368680
-10235c (base 14) to base 9
-1018174
What is 22bc150 (base 13) in base 15?
e214d3
What is 34695 (base 11) in base 16?
c39d
1165553 (base 9) to base 10
633954
Convert 21b5b0 (base 12) to base 9.
1010316
3062030 (base 8) to base 14
171d20
Convert 312310203 (base 4) to base 3.
102102000120
Convert -20222221122100 (base 3) to base 2.
-1110001011111110111001
What is -5a902 (base 11) in base 16?
-15636
2604c (base 13) to base 14
1b904
-58a347 (base 14) to base 5
-1233241124
-1600301 (base 8) to base 10
-458945
-5005421 (base 6) to base 9
-386624
What is 40644 (base 7) in base 6?
113550
What is 410706 (base 12) in base 6?
33444410
Convert 312011011 (base 4) to base 6.
4425301
What is 2310031 (base 6) in base 5?
12233310
Convert -2848884 (base 9) to base 16.
-17ed4a
What is -310220414 (base 5) in base 14?
-24a453
-105a52 (base 11) to base 12
-81951
25373c3 (base 13) to base 8
54227243
Convert 304878 (base 13) to base 15.
173113
What i